alse
Let c(l) = 107 - 35 + 10 + 7*l**2 + 72 - 18*l. Is c(23) composite?
True
Let d(v) = 1770*v - 1793. Is d(12) prime?
True
Let i = -32748 - -82667. Is i composite?
False
Suppose -46*b + 3 = -45*b. Suppose 5*o = -i + 8*o + 639, 2*i = b*o + 1272. Let u = 1418 - i. Is u a prime number?
False
Suppose 5*d - 137 = -2*a, 4*a - 6*d - 204 = -2*d. Suppose -i + 26619 = 5*n, -4*i - 26599 = -61*n + a*n. Is n prime?
True
Suppose 2*f - 11302 - 193492 = 0. Is f composite?
False
Suppose b - 58067 = 2*j - 1078091, -3*b = -3*j + 1530030. Is j composite?
True
Let u(t) = 17*t**3 + 5*t**2 + 4*t + 5. Suppose l - 4 = -2*o + 4, 4*l - 27 = -3*o. Is u(l) composite?
False
Let y(h) = -h**3 + 4*h**2 + h - 2. Let d be y(4). Suppose -3*q - g = -13, g + 0 + 7 = d*q. Suppose 5*n - q*n = 419. Is n a prime number?
True
Let x(t) = 60*t**2 - 5*t - 7. Suppose 2*r - 9 = -4*c + 19, -4*r = 16. Suppose -2*h + c + 7 = 0. Is x(h) a composite number?
False
Let o be (-54)/(-10) - (-24)/40. Is 3*26948/18*9/o a prime number?
True
Suppose -2*t + 6*t + 2*i - 568 = 0, 2*i + 296 = 2*t. Let s = t + -668. Let f = s + 831. Is f a prime number?
True
Let b(q) = 2386*q + 663. Is b(61) composite?
True
Suppose -2*q + 3*a + 2 = -11, 4*q - a - 11 = 0. Suppose -q*z = 3*i - 2393, -4*i - 4*z + 3566 = 378. Is i composite?
True
Let h = 151604 - 66913. Is h composite?
False
Let g = -13573 - -60672. Is g composite?
True
Let c = -45 - -527. Let g = 2240 - 2236. Suppose v = 5*p - 11545, -p + 1827 = -g*v - c. Is p a prime number?
True
Let v(q) = q**3 + 3*q**2 - 7*q + 77449. Is v(0) a composite number?
True
Let m(k) = 23*k**2 - 83*k + 1871. Is m(45) prime?
True
Let s(a) = -16*a**3 - 7*a**2 - 85*a - 41. Is s(-7) a composite number?
True
Let i(h) = -10 + 3 + 0 - 16 - 531*h. Let y be i(-5). Suppose 3*x = -5*j + y, 2*j - 4*x = 256 + 802. Is j composite?
True
Let u(a) = -28707*a + 726. Is u(-3) a composite number?
True
Let r(s) = -2*s**3 - 27*s**2 - 14*s + 16. Let p(g) = g**2 - 17*g - 19. Let d be p(17). Is r(d) composite?
False
Let b(d) = 1300*d + 88. Let r be b(-20). Is r/(-36)*3 + (-3)/9 prime?
False
Let t = -47 - -51. Let u(r) = 3 - t*r + 4*r + 886*r**2 - 2. Is u(1) composite?
False
Suppose -9*i - 18*i = -3375. Suppose -i*f + 124*f = -1114. Is f composite?
True
Let z(d) = -d**3 - 6*d**2 + 3*d + 7. Let a = 16 - -2. Let b be 9/a - (-38)/(-4). Is z(b) a composite number?
False
Let g = -1294847 + 1930204. Is g a prime number?
False
Suppose 0 = 3*t + 6, 0*m = -m + 2*t - 39. Let d = m + 40. Is d*(0 - (-268)/(-6)) a prime number?
False
Let k be (-4)/(-10) + 416/(-65). Let i be (-4317)/(-9) + (-8)/k. Let j = i - 276. Is j composite?
True
Let x be 96400/12 - (-15)/9. Let d = -4394 + x. Is d prime?
False
Suppose 7*i = 49334 - 18030. Let v(y) = 5*y - 26. Let l be v(6). Suppose -4 = -5*n + 1, -i = -l*w - 4*n. Is w a composite number?
False
Is (-18 - -9) + (25 - -22821) composite?
True
Is 800973/36 + 1/(-4) prime?
False
Let p(u) = 18*u**2 + 29*u + 138. Let y(h) = -14*h**2 - 29*h - 139. Let f(q) = 5*p(q) + 6*y(q). Is f(-14) prime?
False
Suppose 0 = 4*u + u + 30. Suppose 0 = -5*x - 20, -4*i - 2*x + 132 = 2*x. Let g = i + u. Is g prime?
True
Suppose 4*v - 88 = -0*v + 4*m, 3*v + 2*m = 46. Let x = 103 - v. Suppose -633 = -x*j + 82*j. Is j composite?
False
Suppose -76 = -21*v + 8. Suppose -y = r - 488, 0 = y - v*r + r - 508. Is y prime?
False
Let v be 2/((56/12)/7). Suppose 0 = 4*f - v*f + l + 5, 0 = 5*f - l - 5. Suppose f = 4*s - 8025 + 301. Is s a composite number?
False
Let i = 7 + -13. Let p(z) = -2*z**2 - 11*z + 12. Let t be p(i). Is (-21 + -1)*((-183)/t - -1) a composite number?
True
Let v = 102 - 89. Suppose 16*t = v*t + 12681. Is t a composite number?
True
Suppose -138427 = -2*p + 431960 + 76351. Is p composite?
False
Suppose 3*k + 8127 = -0*k. Let a = -9543 - -13366. Let l = k + a. Is l a composite number?
True
Let u(a) = a**2 - 4*a - 16. Let m be u(8). Let o = 9 + m. Suppose 0 = 14*f - o*f + 11891. Is f a composite number?
True
Let s be (-29188)/(-2)*(-165)/(-66). Let c = 61144 - s. Is c a composite number?
False
Suppose 908*v = 903*v + 1533635. Is v composite?
False
Let n(m) = -3*m**2 - 8*m - 6. Let u be n(-2). Is (-839)/2*1*u prime?
True
Suppose 8186*o - 8182*o - 349172 = 0. Is o a prime number?
True
Let s be (3 + 25134/9)/(1/3). Suppose 5*n = -2*u + s, n + 2*n + 2*u = 5029. Suppose -t + 191 - n = -3*p, -5*t = p - 512. Is p composite?
True
Let p(n) = -769 - 3*n**2 + 8*n - 2*n + 778. Let w be p(3). Suppose -2*y + 21 + 7 = w. Is y a composite number?
True
Let v(t) = 54*t**2 - 7*t - 4. Let i be -5*(3 + (4 - 9)). Let f be (-26)/6 + i/(-15). Is v(f) a prime number?
True
Let l(b) = b**3 + 8*b**2 + 6*b - 8. Let t be l(7). Let x = 42 + -34. Suppose x*n - 9*n = -t. Is n composite?
False
Suppose 5*y = -25 - 20. Let n(i) = i**2 + 3*i - 57. Let p be n(y). Is p/(-5) + 7004/10 a prime number?
True
Suppose 0 - 80 = -5*i. Suppose i*q = 11*q. Is 2620 + (-3 - q) - 2 a prime number?
False
Let x = 61 - -7. Let q(l) = 16*l - 91. Let a be q(20). Let t = a - x. Is t composite?
True
Suppose -3*d + 4*z + 666 = 2662, 0 = 2*d - 4*z + 1332. Let n be d - 6/3 - 3. Let g = -376 - n. Is g prime?
True
Let u be 6/(-9) + 112920/9. Suppose 0 = 7*t + 2*t - u. Let v = 3551 - t. Is v a prime number?
False
Let n(o) = o**3 + 14*o**2 - 2*o + 2. Let x = 58 - 72. Let l be n(x). Is 20495/l - 2/12 prime?
True
Suppose 5*i + 26637 = 4*j, -i - 3 = 2. Suppose 15*k - 26992 = j. Is k composite?
False
Let l = 256899 - 39712. Is l a prime number?
False
Let j(y) = -56*y + 5413. Is j(-69) a prime number?
True
Let j(m) be the second derivative of -m**5/10 + 17*m**4/12 + 4*m**3/3 + m**2/2 - 21*m. Let l be j(9). Is (10/l)/(-5) + (-8211)/(-4) composite?
False
Let d(o) = -8*o - 9. Let z be d(-2). Let q(b) = -b**2 + 7*b + 4. Let r be q(z). Is (2 - 1)*r/((-8)/(-894)) a prime number?
False
Suppose 7563792 = 33*f + 2731041. Is f a prime number?
False
Let s = 85056 + -60617. Is s prime?
True
Let s(z) = 389*z + 97. Let o(r) = 194*r + 48. Let v(b) = -5*o(b) + 3*s(b). Suppose -2*g = 2*i, -2*i - 5*g = -3 + 15. Is v(i) prime?
True
Let r be -1 + -5 - (-125 - -8). Suppose 222 = 2*j - 4*b, -3*j - 3*b = -4*j + r. Is j a prime number?
False
Let j be 3/(0 - (-3 + 4)) + 3. Suppose 4*v - 13 = k, -2*v - 3*k - 2*k - 21 = j. Suppose h = 2 - 1, u - v*h - 56 = 0. Is u composite?
True
Let t(g) = -47*g**2 + 3*g - 5. Let u be t(6). Let a = 3238 + u. Is a a composite number?
False
Suppose 6354535 = 369*u - 214*u. Is u prime?
False
Let n(u) = 845*u**2 - 16*u - 5. Let a be n(6). Suppose 0 = l + 5*g - 5037, -2*g = 5*l + 5226 - a. Is l a prime number?
False
Let v be -4 + (-60)/(-16) - (-430830)/24. Suppose -4*j + 3*j + v = 4*g, -5*g + 22430 = 3*j. Is g prime?
False
Let v = -424943 + 817432. Is v prime?
True
Suppose 2*l + 0 - 8 = 0. Suppose -l*u + 29 = -h, 4*h + 2*u = -u - 21. Is 2/h + (-1048)/(-18) - 1 a composite number?
True
Suppose j - 5 = b - 29, 2*b = -5*j + 55. Suppose b*h = 42*h - 55607. Is h a composite number?
False
Let b(f) = 31*f**3 - 4 + 0*f - 3*f**2 + 5*f + 10*f - 4*f + 0*f**2. Is b(7) a composite number?
False
Suppose 0*c - 2*c - 4*x - 42 = 0, -c = 4*x + 17. Is (4 - -8701)/(c/(-10)) a composite number?
True
Let s(g) = -1088*g**3 - 5*g**2 + 10*g + 94. Is s(-5) a prime number?
False
Let x(t) = -28272*t**3 + t**2 - t + 1. Is x(-2) a composite number?
False
Let f be (-20)/(-30) - 265258/(-21). Let y = f + -5673. Is y a prime number?
True
Let p = 40 + -35. Suppose y - 15458 = -2*q + p*y, 0 = 2*y + 8. Is q a composite number?
True
Suppose -73*g = -15793420 - 9723657. Is g a prime number?
False
Suppose 265*q = 225*q + 305560. Is q prime?
True
Let v(x) = 5656*x - 47. Is v(3) a composite number?
False
Is 108830/4*(-210 - -212) composite?
True
Suppose 643907 = -14*w + 6536493. Is w a composite number?
False
Let c(k) = -2*k + 1477. Let m be 2 + 1 + 4 + -17 + 13. Suppose r + 2*r = -m*r. Is c(r) a composite number?
True
Let x(s) = s**3 + 4*s**2 - s - 4. Let v be x(-4). Let g(l) = -5*l - 25. Let k be g(-7). Suppose k*c - 5*c - 2095 = v. Is c a composite number?
False
Suppose 2*w = -2*m + 210758, 5*m - 510593 - 16294 = -w. Is m composite?
True
Let t = 111 + -109. Is (-5 - -9)/(t/2609) composite?
True
Suppose 4*m - 167661 - 27967 = 0. Is m composite?
False
Let m(y) = 943*y**3 + 7*y**2 - 7*y + 51. Is m(4) a pri